8 is divided by z?
28
Suppose 36*j - 3726 = 28*j - 61*j. What is the remainder when 1509 is divided by j?
51
Suppose 5643 = 5*f - 2*z, 0 = 3*f + 72*z - 68*z - 3417. Calculate the remainder when f is divided by 214.
61
Calculate the remainder when (561/(-6))/((-219)/75774) is divided by 96.
95
What is the remainder when ((-20)/36 - -1) + (-86060)/(-36) is divided by 92?
91
What is the remainder when 164 is divided by (-3 - 2) + (106/4 - (-18)/(-12))?
4
Let q = 49 - 16. Let z = -23 + q. Suppose z + 9 = r. What is the remainder when r is divided by 10?
9
What is the remainder when (150 + 6)*(16/80 - 8/(-10)) is divided by 80?
76
Let i(u) = 505*u**2 + 140*u - 274. Calculate the remainder when i(2) is divided by 186.
166
Calculate the remainder when (2 - (-76)/(-12))*-321 is divided by 116.
115
Let i(c) = 47*c + 15. Let j be i(6). Suppose 2*k = 73 + j. Calculate the remainder when k is divided by 63.
59
Let z(p) = -p**3 + 28*p**2 - 28*p + 38. Calculate the remainder when 107 is divided by z(27).
8
Suppose -228 = -6*u - 144. Let n(c) = 197*c + 6. Calculate the remainder when n(1) is divided by u.
7
What is the remainder when 3/6*-10 - -94 is divided by (-153)/(-3)*((-18)/6 - -4)?
38
Let n be (-9)/((-63)/(-3430)) + -4. Let q = n - -516. Calculate the remainder when 60 is divided by q.
16
Let s(k) = -k**3 + 34*k**2 - 41*k + 283. What is the remainder when 209 is divided by s(33)?
0
Let d(a) = -559*a**3 - a**2 - 3*a - 1. Let l be d(-1). Suppose -4*t = 5*f - l, -5*t = -2*f + 3*f - 679. Calculate the remainder when t is divided by 9.
0
Let z = 4807 + -1606. Calculate the remainder when 317 is divided by (-6)/(-10) - z/(-165).
17
Let m(q) = -26*q + 55. Let z be m(2). Suppose 5*x - 3*d = 30 - 4, 5*d = -z*x + 2. Calculate the remainder when 234 is divided by x.
2
Suppose -39*x - 30 = -41*x. Let y = 12 + x. What is the remainder when (-2)/((-16)/654) + y/(-36) is divided by 41?
40
Suppose -f = 4*i - 30, -8*i - 3 = -5*i. Let b(s) = -2*s**2 + 2*s - 11. Let l be b(-8). Let u = -55 - l. What is the remainder when u is divided by f?
32
Let k = 524 - 539. Let q = 4 - 1. Calculate the remainder when q is divided by (-5)/(-25)*17 - (-6)/k.
0
Suppose 2*a + 43 = -z - a, 0 = 3*z + 3*a + 105. Let m = 35 - z. Suppose f - m = 4*v, -5*f + 0*v + 225 = v. What is the remainder when f is divided by 8?
6
Suppose 567300 = -20*s + 82*s. What is the remainder when s is divided by 64?
62
Suppose -5*d - 161 + 631 = 0. Let a = d + -36. What is the remainder when a is divided by (-7 - 102/(-12))/(5*9/510)?
7
Suppose 3*k - 62 = 163. Let p(d) = -3*d - 15. Let j(v) = 2*v + 7. Let i(y) = -5*j(y) - 3*p(y). What is the remainder when k is divided by i(-9)?
18
Suppose -5*y + 881*s = 877*s - 308, -2*y + 119 = -s. Calculate the remainder when 1 + -4*(-223)/2 is divided by y.
55
Let r(g) = -24*g. Let z be r(1). Let b = 43 + z. What is the remainder when b is divided by (-21)/4*(-92)/69?
5
Let l(a) = 4460*a**2 + 53*a + 82. Calculate the remainder when l(-2) is divided by 110.
106
Suppose -23*s - 1372 = -16*s. Let p = s + 308. Suppose -4*b + 134 = b + 4*k, k + 94 = 3*b. Calculate the remainder when p is divided by b.
22
Let d be -6*((-10)/4)/5. Suppose 110*v = -3*v + 7797. Calculate the remainder when (-23)/v + 208/d is divided by 36.
33
Suppose -2*n = o - 6, 4*o + n + n - 48 = 0. Let q(f) = -f**3 + 15*f**2 - 12*f + 25. Suppose -5*x + 50 = 5. What is the remainder when q(o) is divided by x?
8
Let r(q) = q - 5. Let z(k) = -42*k - 249. Let i(y) = -3*r(y) - z(y). What is the remainder when 111 is divided by i(-6)?
21
Let m(b) = -b**2 - 26*b + 39. Suppose -6*s - 150 = 6. What is the remainder when m(s) is divided by 23?
16
Suppose -5026 = -27*b + 1431 - 274. What is the remainder when 1596 is divided by b?
222
Let i be (-4)/30 - (-420852)/765. Let h = 557 - i. Calculate the remainder when 28 is divided by h.
0
Let w = -1627 + 1753. Calculate the remainder when w is divided by (3/15)/(1/55).
5
Suppose 0 = -7*z + 491 + 1539. Let w = z - 223. Calculate the remainder when w is divided by 17.
16
Suppose -1445 = -5*q - a, -4*a + 11 = 31. What is the remainder when 64 is divided by q/16 - (31/(-8) + 4)?
10
Let i = 106 + 7. What is the remainder when 1029 is divided by i?
12
Suppose 0 = 37*i - 22029 + 4491. Calculate the remainder when i is divided by 71.
48
Let g(m) = m**3 - 4*m**2 + 5*m + 3. Let h be g(3). Suppose j = h - 2. Suppose -3*p + 5*n = 2 + j, -2*n + 2 = -2*p. What is the remainder when 4 is divided by p?
0
Suppose -144 = -15*k + 3*k. Suppose 0 = -4*v + 12, -d + 3*v + k = -0*v. Calculate the remainder when 204 is divided by d.
15
Let w(j) = 60 - 2*j + 26 + j - 21. What is the remainder when w(5) is divided by 9?
6
Suppose a + 5 - 10 = 0. Suppose 0*l = -a*j + 2*l + 67, -3*j = 2*l - 37. Calculate the remainder when j is divided by (88/16)/((-1)/(-2)).
2
Let c(k) = 13*k - 101. Suppose -2*g = 4*n - 16, -3*g - 4*n + 27 = 1. What is the remainder when 70 is divided by c(g)?
12
Calculate the remainder when 4212 is divided by 222180/6555 - (-2)/19.
30
Let l(j) = 8*j + 37. Let b be l(-10). Let f = 63 + b. Suppose 35 = o - 5*c - f, -3*o - 5*c + 65 = 0. Calculate the remainder when o is divided by 8.
6
Suppose 3*p - 174 = -5*c, -3*c + 115 = -3*p + 1. Calculate the remainder when 44 is divided by c.
8
Let n(o) = -3*o**3 - 4*o**2 + 2*o + 13. Let d be -10*1/10*5. What is the remainder when n(d) is divided by 72?
62
Let x(n) = -12*n**2 - 281*n - 22. Calculate the remainder when 286 is divided by x(-23).
7
Let m(q) = -2*q + 6. Suppose 5*f + 13 + 17 = 0. Let s = -239 - -273. Calculate the remainder when s is divided by m(f).
16
Suppose 8*m + 163 = 1043. Suppose -547 = -5*s + 2*a, m = s - 0*a - a. What is the remainder when s is divided by 20?
9
Suppose -670 = -6*m + 662. Let c = m - 119. Let n = c - 61. Calculate the remainder when 123 is divided by n.
39
Suppose 3*d - 2*d = 37. Let u(c) = -20*c - 7. Let f be u(-2). Suppose 39*o - 1326 = f*o. Calculate the remainder when o is divided by d.
36
Suppose 20*y - 33 = 15*y + 3*b, 3*y - 3*b = 21. Suppose 9*p - 5*p - 81 = -t, 4*t = 5*p - 75. Calculate the remainder when p is divided by y.
1
Suppose 6*s - 1769 = -1019. Calculate the remainder when s is divided by 10.
5
Let f(a) = -3*a**3 + 241*a**2 - 80*a + 101. Calculate the remainder when 475 is divided by f(80).
71
Let o be (408/10)/(-1*(-26)/325). Let i = o - 402. Calculate the remainder when 430 is divided by i.
106
Let k = 43 + -24. Suppose -3*l = -3*d - 111, -l + 36 = -2*d + 1. Calculate the remainder when l is divided by k.
1
Suppose 2*b + 3*a = 148, -3*a + 133 = 4*b - 163. What is the remainder when (-7 - -17)*3*(-236)/(-24) is divided by b?
73
Suppose -2*g - 6*j + 5*j + 25 = 0, 3*j + 3 = 0. Let i(z) = -23*z + 50. Suppose -32*q = -33*q. Calculate the remainder when i(q) is divided by g.
11
Suppose -5*t - 15 = -1085. Let s = 118862 + -118819. What is the remainder when t is divided by s?
42
Let n = -5705 - -3099. Calculate the remainder when (-76)/(-342) - (n/(-9))/(-2) is divided by 49.
47
Let m(p) = 38*p**3 - p**2 + 27*p - 27. What is the remainder when 97 is divided by m(1)?
23
Let o(h) = -10*h - 16. Let s be o(-13). Suppose 0 = -7*n - s - 194. Let k = n + 46. What is the remainder when 2 is divided by k?
0
Let k = -4102 - -4332. What is the remainder when k is divided by 50?
30
Suppose 36 = 6*p - 0. Let b(i) = i**2 - 2*i + 10. Let m be b(p). Let q = -13 + m. Calculate the remainder when q is divided by 6.
3
Let z = -10177 - -12717. What is the remainder when z is divided by 4?
0
Suppose 5*o - 32 = -3*o. Suppose o*p - 71 = 33. Let c = 296 + -195. Calculate the remainder when c is divided by p.
23
Suppose 0 = 3*u - 0*u - 2*s - 120, 0 = 3*s. What is the remainder when u is divided by (-13)/(39/(-45)) + 9?
16
What is the remainder when (-741)/(-2) - 6/(-4) - 35/(-7) is divided by 72?
17
Suppose -2*m + 803 + 181 = 3*c, m + c = 490. What is the remainder when m is divided by 45?
36
Let p be 112 + 1/(-2*2/12). Calculate the remainder when p/1 + -34 + 34 is divided by 16.
13
Let i be ((-1)/2)/((5/(-5))/8). Suppose 0 = 3*l + 12, -5*l - 14 = -i*m - 2. What is the remainder when 12 is divided by 870/105 + (-3)/((-21)/m)?
4
Suppose 7 + 9 = 4*c, -3*f + 4*c = -308. Let i = 10873 + -10841. Calculate the remainder when f